{"id":820,"date":"2019-10-19T10:37:11","date_gmt":"2019-10-19T10:37:11","guid":{"rendered":"https:\/\/www.mullinger.de\/?post_type=product&#038;p=820"},"modified":"2019-10-19T11:02:34","modified_gmt":"2019-10-19T11:02:34","slug":"pilgrim-armband-mit-anhaengern-silbern","status":"publish","type":"product","link":"https:\/\/www.mullinger.de\/?product=pilgrim-armband-mit-anhaengern-silbern","title":{"rendered":"PILGRIM Armband mit Anh\u00e4ngern, silbern"},"content":{"rendered":"<p>sch\u00f6nes Armband im Stil eines Bettelarmbands<\/p>\n<p>drei bezaubernde Anh\u00e4nger mit Swarovskis besetzt<\/p>\n<p>L\u00e4nge ca. 16 cm, verl\u00e4ngerbar auf max. 20 cm<\/p>\n<p>Karabinerverschluss, DANISH PILGRIM-Marke<\/p>\n","protected":false},"excerpt":{"rendered":"<p>sch\u00f6nes Armband im Stil eines Bettelarmbands drei bezaubernde Anh\u00e4nger mit Swarovskis besetzt L\u00e4nge ca. 16 cm, verl\u00e4ngerbar auf max. 20 cm Karabinerverschluss, DANISH PILGRIM-Marke<\/p>\n","protected":false},"featured_media":822,"template":"","meta":[],"product_brand":[],"product_cat":[53],"product_tag":[],"class_list":{"0":"post-820","1":"product","2":"type-product","3":"status-publish","4":"has-post-thumbnail","6":"product_cat-pilgrim","8":"first","9":"instock","10":"taxable","11":"shipping-taxable","12":"purchasable","13":"product-type-simple"},"jetpack_sharing_enabled":true,"_links":{"self":[{"href":"https:\/\/www.mullinger.de\/index.php?rest_route=\/wp\/v2\/product\/820","targetHints":{"allow":["GET"]}}],"collection":[{"href":"https:\/\/www.mullinger.de\/index.php?rest_route=\/wp\/v2\/product"}],"about":[{"href":"https:\/\/www.mullinger.de\/index.php?rest_route=\/wp\/v2\/types\/product"}],"wp:featuredmedia":[{"embeddable":true,"href":"https:\/\/www.mullinger.de\/index.php?rest_route=\/wp\/v2\/media\/822"}],"wp:attachment":[{"href":"https:\/\/www.mullinger.de\/index.php?rest_route=%2Fwp%2Fv2%2Fmedia&parent=820"}],"wp:term":[{"taxonomy":"product_brand","embeddable":true,"href":"https:\/\/www.mullinger.de\/index.php?rest_route=%2Fwp%2Fv2%2Fproduct_brand&post=820"},{"taxonomy":"product_cat","embeddable":true,"href":"https:\/\/www.mullinger.de\/index.php?rest_route=%2Fwp%2Fv2%2Fproduct_cat&post=820"},{"taxonomy":"product_tag","embeddable":true,"href":"https:\/\/www.mullinger.de\/index.php?rest_route=%2Fwp%2Fv2%2Fproduct_tag&post=820"}],"curies":[{"name":"wp","href":"https:\/\/api.w.org\/{rel}","templated":true}]}}