{"id":677,"date":"2019-10-12T11:38:27","date_gmt":"2019-10-12T11:38:27","guid":{"rendered":"https:\/\/www.mullinger.de\/?post_type=product&#038;p=677"},"modified":"2019-10-12T11:43:44","modified_gmt":"2019-10-12T11:43:44","slug":"dyrberg-kern-set-chrono-earpost-lederhalsband-und-ohrstecker-silbern-schwarz","status":"publish","type":"product","link":"https:\/\/www.mullinger.de\/?product=dyrberg-kern-set-chrono-earpost-lederhalsband-und-ohrstecker-silbern-schwarz","title":{"rendered":"DYRBERG KERN Set CHRONO EARPOST Lederhalsband und Ohrstecker, silbern\/schwarz"},"content":{"rendered":"<p>sportliches silberfarbenes Lederhalsband und passende Ohrstecker im Set, quadratischer Anh\u00e4nger am Lederhalsband mit schwarzen Swarovskis besetzt, die Ohrstecker im Au\u00dfenrand schwarze Swarovskis, Schriftzug DYRBERG KERN<\/p>\n<p>Ma\u00dfe:<\/p>\n<p>Ohrstecker Durchmesser ca. 1 cm<\/p>\n<p>Halsband ca. 60 cm<\/p>\n","protected":false},"excerpt":{"rendered":"<p>sportliches silberfarbenes Lederhalsband und passende Ohrstecker im Set, quadratischer Anh\u00e4nger am Lederhalsband mit schwarzen Swarovskis besetzt, die Ohrstecker im Au\u00dfenrand schwarze Swarovskis, Schriftzug DYRBERG KERN Ma\u00dfe: Ohrstecker Durchmesser ca. 1 cm Halsband ca. 60 cm<\/p>\n","protected":false},"featured_media":678,"template":"","meta":[],"product_brand":[],"product_cat":[37],"product_tag":[],"class_list":{"0":"post-677","1":"product","2":"type-product","3":"status-publish","4":"has-post-thumbnail","6":"product_cat-dyrberg-kern","8":"first","9":"instock","10":"taxable","11":"shipping-taxable","12":"purchasable","13":"product-type-simple"},"jetpack_sharing_enabled":true,"_links":{"self":[{"href":"https:\/\/www.mullinger.de\/index.php?rest_route=\/wp\/v2\/product\/677","targetHints":{"allow":["GET"]}}],"collection":[{"href":"https:\/\/www.mullinger.de\/index.php?rest_route=\/wp\/v2\/product"}],"about":[{"href":"https:\/\/www.mullinger.de\/index.php?rest_route=\/wp\/v2\/types\/product"}],"wp:featuredmedia":[{"embeddable":true,"href":"https:\/\/www.mullinger.de\/index.php?rest_route=\/wp\/v2\/media\/678"}],"wp:attachment":[{"href":"https:\/\/www.mullinger.de\/index.php?rest_route=%2Fwp%2Fv2%2Fmedia&parent=677"}],"wp:term":[{"taxonomy":"product_brand","embeddable":true,"href":"https:\/\/www.mullinger.de\/index.php?rest_route=%2Fwp%2Fv2%2Fproduct_brand&post=677"},{"taxonomy":"product_cat","embeddable":true,"href":"https:\/\/www.mullinger.de\/index.php?rest_route=%2Fwp%2Fv2%2Fproduct_cat&post=677"},{"taxonomy":"product_tag","embeddable":true,"href":"https:\/\/www.mullinger.de\/index.php?rest_route=%2Fwp%2Fv2%2Fproduct_tag&post=677"}],"curies":[{"name":"wp","href":"https:\/\/api.w.org\/{rel}","templated":true}]}}