{"id":268,"date":"2019-02-24T12:31:10","date_gmt":"2019-02-24T12:31:10","guid":{"rendered":"https:\/\/www.mullinger.de\/?post_type=product&#038;p=268"},"modified":"2019-02-24T12:31:28","modified_gmt":"2019-02-24T12:31:28","slug":"dyrberg-kern-halskette-collar-silbern-gruen","status":"publish","type":"product","link":"https:\/\/www.mullinger.de\/?product=dyrberg-kern-halskette-collar-silbern-gruen","title":{"rendered":"DYRBERG KERN Halskette COLLAR, silbern\/gr\u00fcn"},"content":{"rendered":"<p>bezaubernde Halskette mit verschieden gr\u00fcnen Applikationen, dazwischen silberne Stege, Karabinderverschluss, Verl\u00e4ngerungskettchen und typische Marke: DYRBERN KERN bzw DK-W\u00fcrfel<\/p>\n<p>L\u00e4nge ca. 40 cm + Verl\u00e4ngerung<\/p>\n","protected":false},"excerpt":{"rendered":"<p>bezaubernde Halskette mit verschieden gr\u00fcnen Applikationen, dazwischen silberne Stege, Karabinderverschluss, Verl\u00e4ngerungskettchen und typische Marke: DYRBERN KERN bzw DK-W\u00fcrfel L\u00e4nge ca. 40 cm + Verl\u00e4ngerung<\/p>\n","protected":false},"featured_media":269,"template":"","meta":[],"product_brand":[],"product_cat":[37],"product_tag":[],"class_list":{"0":"post-268","1":"product","2":"type-product","3":"status-publish","4":"has-post-thumbnail","6":"product_cat-dyrberg-kern","8":"first","9":"instock","10":"taxable","11":"shipping-taxable","12":"purchasable","13":"product-type-simple"},"jetpack_sharing_enabled":true,"_links":{"self":[{"href":"https:\/\/www.mullinger.de\/index.php?rest_route=\/wp\/v2\/product\/268","targetHints":{"allow":["GET"]}}],"collection":[{"href":"https:\/\/www.mullinger.de\/index.php?rest_route=\/wp\/v2\/product"}],"about":[{"href":"https:\/\/www.mullinger.de\/index.php?rest_route=\/wp\/v2\/types\/product"}],"wp:featuredmedia":[{"embeddable":true,"href":"https:\/\/www.mullinger.de\/index.php?rest_route=\/wp\/v2\/media\/269"}],"wp:attachment":[{"href":"https:\/\/www.mullinger.de\/index.php?rest_route=%2Fwp%2Fv2%2Fmedia&parent=268"}],"wp:term":[{"taxonomy":"product_brand","embeddable":true,"href":"https:\/\/www.mullinger.de\/index.php?rest_route=%2Fwp%2Fv2%2Fproduct_brand&post=268"},{"taxonomy":"product_cat","embeddable":true,"href":"https:\/\/www.mullinger.de\/index.php?rest_route=%2Fwp%2Fv2%2Fproduct_cat&post=268"},{"taxonomy":"product_tag","embeddable":true,"href":"https:\/\/www.mullinger.de\/index.php?rest_route=%2Fwp%2Fv2%2Fproduct_tag&post=268"}],"curies":[{"name":"wp","href":"https:\/\/api.w.org\/{rel}","templated":true}]}}