{"id":33,"date":"2019-02-21T21:06:17","date_gmt":"2019-02-21T21:06:17","guid":{"rendered":"https:\/\/www.mullinger.de\/?page_id=33"},"modified":"2023-01-14T16:26:59","modified_gmt":"2023-01-14T16:26:59","slug":"datenschutzbelehrung","status":"publish","type":"page","link":"https:\/\/www.mullinger.de\/?page_id=33","title":{"rendered":"Privatsph\u00e4re &#038; Datenschutz"},"content":{"rendered":"\n<p style=\"font-size:16px\"><em>Diese Cookie-Richtlinie wurde zuletzt am 10. Januar 2023 aktualisiert und gilt f\u00fcr B\u00fcrger und Einwohner mit st\u00e4ndigem Wohnsitz im Europ\u00e4ischen Wirtschaftsraum und der Schweiz<\/em><\/p>\n\n\n\n<p class=\"has-black-color has-text-color\" style=\"font-size:16px\">Wir freuen uns \u00fcber Ihr Interesse an  unserer Homepage und unserem Unternehmen. F\u00fcr externe Links zu fremden  Inhalten k\u00f6nnen wir dabei trotz sorgf\u00e4ltiger inhaltlicher Kontrolle  keine Haftung \u00fcbernehmen.<br> <br> Der Schutz Ihrer personenbezogenen  Daten bei der Erhebung, Verarbeitung und Nutzung anl\u00e4sslich Ihres  Besuchs auf unserer Homepage ist uns ein wichtiges Anliegen. Ihre Daten  werden im Rahmen der gesetzlichen Vorschriften gesch\u00fctzt. Nachfolgend  finden Sie Informationen, welche Daten w\u00e4hrend Ihres Besuchs auf der  Homepage erfasst und wie diese genutzt werden:<\/p>\n\n\n\n<p><\/p>\n\n\n\n<h2 class=\"has-medium-font-size wp-block-heading\">1. Einf\u00fchrung<\/h2>\n\n\n\n<p style=\"font-size:16px\">Unsere Website, <a href=\"https:\/\/www.mullinger.de\">https:\/\/www.mullinger.de<\/a> (im folgenden: \u201cDie Website\u201d) verwendet Cookies und \u00e4hnliche Technologien (der Einfachheit halber werden all diese unter \u201cCookies\u201d zusammengefasst). Cookies werden au\u00dferdem von uns beauftragten Drittparteien platziert. In dem unten stehendem Dokument informieren wir dich \u00fcber die Verwendung von Cookies auf unserer Website.<\/p>\n\n\n\n<h2 class=\"has-medium-font-size wp-block-heading\">2. Was sind Cookies?<\/h2>\n\n\n\n<p style=\"font-size:16px\">Ein Cookie ist eine einfache kleine Datei, die gemeinsam mit den Seiten einer Internetadresse versendet und vom Webbrowser auf dem PC oder einem anderen Ger\u00e4t gespeichert werden kann. Die darin gespeicherten Informationen k\u00f6nnen w\u00e4hrend folgender Besuche zu unseren oder den Servern relevanter Drittanbieter gesendet werden.<\/p>\n\n\n\n<h2 class=\"has-medium-font-size wp-block-heading\">3. Was sind Skripte?<\/h2>\n\n\n\n<p style=\"font-size:16px\">Ein Script ist ein St\u00fcck Programmcode, das benutzt wird, um unserer Website Funktionalit\u00e4t und Interaktivit\u00e4t zu erm\u00f6glichen. Dieser Code wird auf unseren Servern oder auf deinem Ger\u00e4t ausgef\u00fchrt.<\/p>\n\n\n\n<h2 class=\"has-medium-font-size wp-block-heading\">4. Was ist ein Web Beacon?<\/h2>\n\n\n\n<p style=\"font-size:16px\">Ein Web-Beacon (auch Pixel-Tag genannt), ist ein kleines unsichtbares Textfragment oder Bild auf einer Website, das benutzt wird, um den Verkehr auf der Website zu \u00fcberwachen. Um dies zu erm\u00f6glichen werden diverse Daten von dir mittels Web-Beacons gespeichert.<\/p>\n\n\n\n<h2 class=\"has-medium-font-size wp-block-heading\">5. Cookies<\/h2>\n\n\n\n<p style=\"font-size:16px\">5.1 Technische oder funktionelle Cookies<\/p>\n\n\n\n<p style=\"font-size:16px\">Einige Cookies stellen sicher, dass Teile unserer Website richtig funktionieren und deine Nutzervorlieben bekannt bleiben. Durch das Platzieren funktionaler Cookies machen wir es dir einfacher unsere Website zu besuchen. Auf diese Weise musst du bei Besuchen unserer Website nicht wiederholt die gleichen Informationen eingeben, oder deine Gegenst\u00e4nde bleiben beispielsweise in deinem Warenkorb bis du bezahlst. Wir k\u00f6nnen diese Cookies ohne dein Einverst\u00e4ndnis platzieren.<\/p>\n\n\n\n<p style=\"font-size:16px\">5.2 Analytische Cookies<\/p>\n\n\n\n<p style=\"font-size:16px\">Wir verwenden analytische Cookies, um das Website-Erlebnis f\u00fcr unsere Nutzer zu optimieren. Mit diesen analytischen Cookies erhalten wir Einblicke in die Nutzung unserer Website.&nbsp;Wir bitten um deine Erlaubnis, analytische Cookies zu setzen.<\/p>\n\n\n\n<p style=\"font-size:16px\">5.3 Marketing- \/ Tracking-Cookies<\/p>\n\n\n\n<p style=\"font-size:16px\">Marketing- \/ Tracking-Cookies sind Cookies oder eine andere Form der lokalen Speicherung, die zur Erstellung von Benutzerprofilen verwendet werden, um Werbung anzuzeigen oder den Benutzer auf dieser Website oder \u00fcber mehrere Websites hinweg f\u00fcr \u00e4hnliche Marketingzwecke zu verfolgen.<\/p>\n\n\n\n<h2 class=\"has-medium-font-size wp-block-heading\">6. Platzierte Cookies<\/h2>\n\n\n\n<h3 class=\"wp-block-heading\" style=\"font-size:18px\">PayPal<\/h3>\n\n\n\n<p style=\"font-size:16px\">FunktionalConsent to service paypal<\/p>\n\n\n\n<h3 class=\"wp-block-heading\" style=\"font-size:18px\">Google Fonts<\/h3>\n\n\n\n<p style=\"font-size:16px\">Marketing\/TrackingConsent to service google-fonts<\/p>\n\n\n\n<h3 class=\"wp-block-heading\" style=\"font-size:18px\">Sonstiges<\/h3>\n\n\n\n<p style=\"font-size:16px\">Gegenstand der UntersuchungConsent to service sonstiges<\/p>\n\n\n\n<h2 class=\"has-medium-font-size wp-block-heading\">7. Zustimmung<\/h2>\n\n\n\n<p style=\"font-size:16px\">Wenn du unsere Website das erste Mal besuchst, zeigen wir dir ein Pop-Up mit einer Erkl\u00e4rung \u00fcber Cookies. Sobald du auf \u201eEinstellungen speichern\u201c klickst, gibst du uns dein Einverst\u00e4ndnis, alle von dir gew\u00e4hlten Kategorien von Cookies und Plugins wie in dieser Cookie-Erkl\u00e4rung beschrieben zu verwenden. Du kannst die Verwendung von Cookies \u00fcber deinen Browser deaktivieren, aber bitte beachte, dass unsere Website dann unter Umst\u00e4nden nicht richtig funktioniert.<\/p>\n\n\n\n<p style=\"font-size:16px\">7.1 Verwalte deine Zustimmungseinstellungen<\/p>\n\n\n\n<p><\/p>\n\n\n\n<h2 class=\"has-medium-font-size wp-block-heading\">8. Aktivierung\/Deaktivierung und L\u00f6schen von Cookies<\/h2>\n\n\n\n<p style=\"font-size:16px\">Du kannst deinen Internetbrowser verwenden um automatisch oder manuell Cookies zu l\u00f6schen. Du kannst au\u00dferdem spezifizieren ob spezielle Cookies nicht platziert werden sollen. Eine andere M\u00f6glichkeit ist es deinen Internetbrowser derart einzurichten, dass du jedes Mal benachrichtigt wirst, wenn ein Cookie platziert wird. F\u00fcr weitere Information \u00fcber diese M\u00f6glichkeiten beachte die Anweisungen in der Hilfesektion deines Browsers.<\/p>\n\n\n\n<p style=\"font-size:16px\">Bitte nimm zur Kentniss, dass unsere Website m\u00f6glicherweise nicht richtig funktioniert wenn alle Cookies deaktiviert sind. Wenn du die Cookies in deinem Browser l\u00f6scht, werden diese neuplatziert wenn du unsere Website erneut besuchst.<\/p>\n\n\n\n<h2 class=\"has-medium-font-size wp-block-heading\">9. Deine Rechte in Bezug auf pers\u00f6nliche Daten<\/h2>\n\n\n\n<p style=\"font-size:16px\">Du hast in Bezug auf deine pers\u00f6nlichen Daten die folgenden Rechte:<\/p>\n\n\n\n<ul class=\"wp-block-list\">\n<li>Du hast das Recht zu wissen, warum deine pers\u00f6nlichen Daten gebraucht werden, was mit ihnen passiert und wie lange diese verwahrt werden.<\/li>\n\n\n\n<li>Zugriffsrecht: Du hast das Recht deine uns bekannten pers\u00f6nliche Daten einzusehen.<\/li>\n\n\n\n<li>Recht auf Berichtigung: Du hast das Recht wann immer du w\u00fcnscht, deine pers\u00f6nlichen Daten zu erg\u00e4nzen, zu korrigieren sowie gel\u00f6scht oder blockiert zu bekommen.<\/li>\n\n\n\n<li>Wenn du uns dein Einverst\u00e4ndnis zur Verarbeitung deiner Daten gegeben hast, hast du das Recht dieses Einverst\u00e4ndnis zu widerrufen und deine pers\u00f6nlichen Daten l\u00f6schen zu lassen.<\/li>\n\n\n\n<li>Recht auf Datentransfer deiner Daten: Du hast das Recht, alle deine pers\u00f6nlichen Daten von einem Kontrolleur anzufordern und in ihrer Gesamtheit zu einem anderen Kontrolleur zu transferieren.<\/li>\n\n\n\n<li>Widerspruchsrecht: Du kannst der Verarbeitung deiner Daten widersprechen. Wir entsprechen dem, es sei denn es gibt berechtigte Gr\u00fcnde f\u00fcr die Verarbeitung.<\/li>\n<\/ul>\n\n\n\n<p style=\"font-size:16px\">Um diese Rechte auszu\u00fcben kontaktiere uns bitte. Bitte beziehe dich auf die Kontaktdaten am Ende dieser Cookie-Erkl\u00e4rung. Wenn du eine Beschwerde dar\u00fcber hast, wie wir deine Daten behandeln, w\u00fcrden wir diese gerne h\u00f6ren, aber du hast auch das Recht diese an die Aufsichtsbeh\u00f6rde (der Datenschutzbeh\u00f6rde) zu richten.<\/p>\n\n\n\n<h2 class=\"has-medium-font-size wp-block-heading\">10. Kontaktdaten<\/h2>\n\n\n\n<p style=\"font-size:16px\">F\u00fcr Fragen und\/oder Kommentare \u00fcber unsere Cookie-Richtlinien und diese Aussage kontaktiere uns bitte mittels der folgenden Kontaktdaten:<\/p>\n\n\n\n<p><\/p>\n\n\n\n<p><\/p>\n\n\n\n<figure class=\"wp-block-image size-full is-resized\"><img loading=\"lazy\" decoding=\"async\" src=\"https:\/\/www.mullinger.de\/wp-content\/uploads\/2023\/01\/mullinger-impressum.png\" alt=\"\" class=\"wp-image-956\" width=\"414\" height=\"207\" srcset=\"https:\/\/www.mullinger.de\/wp-content\/uploads\/2023\/01\/mullinger-impressum.png 600w, https:\/\/www.mullinger.de\/wp-content\/uploads\/2023\/01\/mullinger-impressum-300x150.png 300w\" sizes=\"auto, (max-width: 414px) 100vw, 414px\" \/><\/figure>\n\n\n\n<p><\/p>\n\n\n\n<p style=\"font-size:16px\">Diese Cookie-Richtlinie wurde mit <a href=\"https:\/\/cookiedatabase.org\/\" target=\"_blank\" rel=\"noreferrer noopener\">cookiedatabase.org<\/a> am 11. November 2021 synchronisiert<\/p>\n\n\n\n<p class=\"has-small-font-size\"><\/p>\n","protected":false},"excerpt":{"rendered":"<p>Diese Cookie-Richtlinie wurde zuletzt am 10. Januar 2023 aktualisiert und gilt f\u00fcr B\u00fcrger und Einwohner mit st\u00e4ndigem Wohnsitz im Europ\u00e4ischen Wirtschaftsraum und der Schweiz Wir freuen uns \u00fcber Ihr Interesse an unserer Homepage und unserem Unternehmen. F\u00fcr externe Links zu fremden Inhalten k\u00f6nnen wir dabei trotz sorgf\u00e4ltiger inhaltlicher Kontrolle keine Haftung \u00fcbernehmen. Der Schutz Ihrer [&hellip;]<\/p>\n","protected":false},"author":1,"featured_media":0,"parent":0,"menu_order":0,"comment_status":"closed","ping_status":"closed","template":"","meta":{"footnotes":""},"class_list":["post-33","page","type-page","status-publish","hentry"],"jetpack_sharing_enabled":true,"_links":{"self":[{"href":"https:\/\/www.mullinger.de\/index.php?rest_route=\/wp\/v2\/pages\/33","targetHints":{"allow":["GET"]}}],"collection":[{"href":"https:\/\/www.mullinger.de\/index.php?rest_route=\/wp\/v2\/pages"}],"about":[{"href":"https:\/\/www.mullinger.de\/index.php?rest_route=\/wp\/v2\/types\/page"}],"author":[{"embeddable":true,"href":"https:\/\/www.mullinger.de\/index.php?rest_route=\/wp\/v2\/users\/1"}],"replies":[{"embeddable":true,"href":"https:\/\/www.mullinger.de\/index.php?rest_route=%2Fwp%2Fv2%2Fcomments&post=33"}],"version-history":[{"count":11,"href":"https:\/\/www.mullinger.de\/index.php?rest_route=\/wp\/v2\/pages\/33\/revisions"}],"predecessor-version":[{"id":963,"href":"https:\/\/www.mullinger.de\/index.php?rest_route=\/wp\/v2\/pages\/33\/revisions\/963"}],"wp:attachment":[{"href":"https:\/\/www.mullinger.de\/index.php?rest_route=%2Fwp%2Fv2%2Fmedia&parent=33"}],"curies":[{"name":"wp","href":"https:\/\/api.w.org\/{rel}","templated":true}]}}